-2*z + 25. Let b be c(11). Suppose -38 = -b*a + j. What is the highest common factor of a and 15?
15
Suppose 3*k = 10 + 23. Suppose 2*p + 23 = 25*p. What is the highest common factor of k and p?
1
Suppose -2*n = 4*t - 5*t + 137, -4*t = -2*n - 572. What is the highest common divisor of t and 319?
29
Suppose 2*v - 7*v - 15 = 0. Let h = v + 6. Suppose 0 = h*t - 8*t + 105. What is the greatest common divisor of 189 and t?
21
Suppose -4*y = 5*u - 88, -u + 63 = 2*u - y. Let t be 16/3 + 1/(-3). Let r(l) = l**2 - 4*l + 3. Let s be r(t). What is the highest common factor of s and u?
4
Suppose 109 + 1041 = 23*f. Calculate the greatest common divisor of f and 1525.
25
Let d be 6/(-21) + 3483/63. Calculate the highest common divisor of 10 and d.
5
Let m be (-10)/(-4)*(-1 - -27). Let x(w) = 121*w**3 - 235*w**2 + 4*w + 3. Let g be x(2). Calculate the highest common factor of g and m.
13
Let j(n) = -n**3 + 5*n**2 - 6*n + 2. Let x be j(4). Let v(d) = -2*d - 3. Let t be v(-6). Let u = t - x. Calculate the greatest common divisor of u and 60.
15
Let w(d) = d**3 + 12*d**2 - 3*d - 8. Let h = -5 - 0. Let a be w(h). Calculate the greatest common divisor of a and 26.
26
Let d = 147 + -89. Calculate the highest common factor of 174 and d.
58
Let d be (186/8)/(1/4). Suppose 0 = -i - 606 + 304 + 364. Calculate the greatest common divisor of i and d.
31
Suppose -4*q - 4*t - 224 - 444 = 0, -3*q - 504 = 4*t. Let r = 351 + q. What is the greatest common divisor of r and 17?
17
Let x(c) = 49*c - 34. Let a be x(1). Let b be (6/12)/((-2)/(-480)). Calculate the greatest common divisor of b and a.
15
Let u(k) = k - 7. Let o be u(8). Let p be 3/o + (-13)/(-1) + -2. What is the highest common divisor of p and 2?
2
Let y(s) = s. Let f be y(-1). Let v be (24/(-28))/(f/35). What is the greatest common divisor of 15 and v?
15
Suppose 5*z - 214 = -3*q + 131, 0 = 5*z - 15. Let b be (0 - 4)*(-5)/2. What is the highest common divisor of b and q?
10
Let b be -6*(-3 - 25)*240/280. What is the highest common factor of 36 and b?
36
Let v(x) = 56*x + 92. Let d be v(5). What is the highest common divisor of 12 and d?
12
Let d = 1462 + -1022. Suppose -4*r - r = -d. Calculate the highest common divisor of r and 11.
11
Suppose 5*h - g - 2*g = 22, 0 = -4*h - g + 4. Suppose -h*b = 2*b - 360. What is the greatest common divisor of b and 15?
15
Suppose 0*o + 244 = 4*o. Let v = o + -37. Suppose 0 = -3*b - 5*k + v, 3*b + 4*k - 27 = -2*b. What is the highest common factor of 9 and b?
3
Let h = -2 + 3. Let u(v) = -5*v + 3. Let y be u(h). Let x be ((-33)/6)/(y/4). Calculate the greatest common divisor of x and 22.
11
Suppose 4 = 4*x, 5*r + 11*x - 12*x - 559 = 0. What is the greatest common divisor of 32 and r?
16
Suppose 3*y = 0, 4*y = -3*r + 5*y + 60. Calculate the greatest common divisor of 80 and r.
20
Let a = 9 + 0. Let u = 18 - 14. Suppose -4*q - 12 = 0, -u*q = -2*v - 0*q + 210. Calculate the greatest common divisor of a and v.
9
Let g(d) = -3*d + 27. Let z be g(8). Suppose 5*x = j + 3 + 49, -z*x - j = -28. What is the highest common divisor of x and 80?
10
Let r = 384 - 329. Calculate the highest common factor of r and 121.
11
Suppose 0*p + 112 = 2*p + 4*x, p - x - 53 = 0. Let k be 15/9*p/1. Let b be (6/(-15))/(1/(-25)). What is the highest common divisor of k and b?
10
Let d(x) = 4*x - 1. Let m be d(9). What is the highest common divisor of m and 14?
7
Let i(g) = -5*g + 100. Let b be i(17). What is the highest common divisor of b and 2?
1
Let n be (2*(-5)/(-20))/(2/20). Suppose 0 = t + 3, n*j - 3*t - 639 = -0*t. What is the highest common divisor of j and 18?
18
Suppose 0 = 7*x - 2*x + 30. Let v be (-135)/(-4) - ((-50)/8 - x). Calculate the greatest common divisor of 238 and v.
34
Let c be (-1)/1*(-6 + (-1 - -2)). Suppose 5*i - p - 75 - 25 = 0, -100 = -c*i - 5*p. What is the highest common divisor of 20 and i?
20
Suppose 0 = -34*w + 38*w - 300. Suppose 3*f + 0*f - 2*d + 218 = 0, -5*f - d = 346. Let h = f - -100. What is the greatest common divisor of h and w?
15
Let q = -5 + 9. Suppose q*k + 540 = 8*k. Let w be (-4)/3*k/(-10). What is the greatest common factor of 6 and w?
6
Let n be (-15)/(-4) - (-1)/4. Let y(j) = j**3 + 56*j**2 + 53*j - 66. Let c be y(-55). What is the greatest common factor of n and c?
4
Suppose a - 3*u = 51, 4*a - 320 = -5*u - 31. What is the greatest common factor of 44 and a?
22
Suppose 3*o - 7 = -o + 3*x, -3*o = -2*x - 5. Calculate the greatest common factor of 199 and o.
1
Let n(g) = g**2 - 6*g + 4. Let w be n(7). Suppose -297 = -101*u + 98*u. Calculate the highest common factor of u and w.
11
Suppose 4 = -4*w - 5*x, 0*w - 5*w - 22 = 2*x. Let u be (-16)/6*w/4. Let p be 1/(-4) - (-9)/u. What is the greatest common divisor of p and 4?
2
Suppose z + 4*b - 29 - 511 = 0, 0 = 4*z + 2*b - 2160. What is the highest common divisor of 60 and z?
60
Let f be 5 + ((-25)/(-15) - 376/(-3)). What is the highest common divisor of f and 6?
6
Let i be 21/(-2 - 52/(-24)). Suppose -1 + 5 = -4*s, -2*k = 2*s + 56. Let x be (12/(-14))/(k/i). Calculate the greatest common factor of 28 and x.
4
Let m be 2650/34 + 96/1632. Let s be (15 + -2)/((-1)/(-15)). What is the greatest common factor of s and m?
39
Let w(c) = 2*c + 17. Let m be w(-13). Let v be (m/12)/(21/(-140)). Calculate the highest common divisor of 25 and v.
5
Let d(w) = -w**3 + 8*w**2 - 19*w + 7. Let g be d(6). Let r be 18858/g + 8/10. Let a be 6/4 + r/(-4). Calculate the greatest common factor of a and 17.
17
Let t(d) = d**2 + 4*d - 1. Let x be t(-5). Let v(n) = -n + 36. Let m be v(-8). Calculate the highest common factor of m and x.
4
Suppose 2*h - 826 + 48 = -2*i, 0 = 5*h + 4*i - 1940. What is the greatest common factor of 24 and h?
24
Let g = -70 + 70. Suppose g - 96 = -4*w. Calculate the greatest common divisor of 216 and w.
24
Let b(k) = 2*k + 6*k - 4*k**2 - 9 + 5*k**2 + 3*k. Let f be b(7). Calculate the highest common factor of f and 13.
13
Let a(d) = -5 - 3*d - d**2 - 2*d - d. Let f be a(-7). Let m = 8 - f. What is the highest common divisor of m and 8?
4
Let w be (-4)/18 - (-1523)/9. Suppose 0 = -d - 5*u - 52, 5*d + 236 = 4*u - w. Let s = d - -161. What is the greatest common divisor of 12 and s?
12
Suppose 9*n = -27*n + 72. Calculate the highest common factor of 214 and n.
2
Let v = 29 + -13. Let o(y) = -y**3 - 7*y**2 + y + 10. Let s be o(-7). Suppose -s*k = -153 + 33. Calculate the greatest common divisor of k and v.
8
Suppose 0 = 3*b - 3*m - 18, -2*m - 18 = -5*b - 3*m. Suppose 0 = -2*i + b + 8. Calculate the greatest common divisor of 12 and i.
6
Suppose -5*n + 12 = -n. Suppose 0 = -n*z + 53 + 4. Suppose 0 = -f + z - 1. Calculate the greatest common divisor of f and 9.
9
Let d(l) = l**3 + 6*l**2 - 3*l - 4. Let f be d(-6). Suppose 4*c - f = 18. Let x be (-455)/(-14) + (-2)/4. What is the highest common factor of c and x?
8
Let x(w) = 270*w + 1841. Let r be x(-6). Let v be (-166)/(-10) + 4/10. Calculate the highest common divisor of v and r.
17
Let s(z) be the third derivative of -z**4/24 - 4*z**3/3 + 10*z**2. Let i be s(-10). Calculate the greatest common divisor of i and 2.
2
Let v = 20 + -2. Let l(j) = 2*j + 62. Let c be l(50). Calculate the highest common factor of v and c.
18
Suppose -256 = -7*j + 451. Suppose -4*h + 0*h + 116 = -2*x, 2*x = -3*h + j. What is the highest common divisor of 62 and h?
31
Suppose 0 = 2*x + 3*j + 2*j - 155, 0 = -2*x + 4*j + 128. Let k = 326 + -323. Suppose -k*i + 524 = -x. Calculate the greatest common divisor of 33 and i.
33
Let h(i) = 3*i - 18. Let w be h(14). Let r(j) = -j**2 + 9*j - 6. Let g be r(8). Suppose -g*f + f + 12 = 0. Calculate the greatest common factor of f and w.
12
Suppose -u + 3 + 3 = -2*a, 5*u = -2*a + 6. Suppose -16 = u*m + 2*m. Let l(s) = -2*s - 3. Let w be l(m). Calculate the highest common factor of w and 20.
5
Suppose -17*h - 122 = -19*h. Suppose -2 - h = -3*k. What is the greatest common divisor of 168 and k?
21
Let j(m) = -87*m**3 + 3*m**2 + 3*m + 1. Suppose -2*d - 12 + 10 = 0. Let v be j(d). What is the highest common factor of v and 11?
11
Suppose -2*n = 5*n - 147. Calculate the highest common factor of 189 and n.
21
Suppose l + 6 = 12. Let c = 34 + l. Calculate the highest common divisor of 100 and c.
20
Let t = -44 - -99. Let h be (-11)/(77/2) - (-74)/14. What i